y 39?
4
Calculate the remainder when 1928 is divided by 46.
42
What is the remainder when 1284 is divided by 33?
30
Calculate the remainder when 623 is divided by 39.
38
Calculate the remainder when 2260 is divided by 7.
6
Calculate the remainder when 3799 is divided by 100.
99
Calculate the remainder when 628 is divided by 42.
40
What is the remainder when 204 is divided by 32?
12
What is the remainder when 483 is divided by 19?
8
What is the remainder when 629 is divided by 211?
207
What is the remainder when 451 is divided by 91?
87
Calculate the remainder when 106 is divided by 33.
7
What is the remainder when 138 is divided by 65?
8
What is the remainder when 26072 is divided by 41?
37
Calculate the remainder when 1831 is divided by 261.
4
What is the remainder when 1339 is divided by 22?
19
What is the remainder when 359 is divided by 15?
14
What is the remainder when 189 is divided by 49?
42
Calculate the remainder when 643 is divided by 25.
18
Calculate the remainder when 1037 is divided by 252.
29
What is the remainder when 2892 is divided by 8?
4
Calculate the remainder when 858 is divided by 41.
38
What is the remainder when 420 is divided by 143?
134
What is the remainder when 641 is divided by 216?
209
Calculate the remainder when 337 is divided by 97.
46
What is the remainder when 435 is divided by 143?
6
What is the remainder when 278 is divided by 26?
18
Calculate the remainder when 535 is divided by 301.
234
What is the remainder when 567 is divided by 38?
35
What is the remainder when 165 is divided by 12?
9
What is the remainder when 6601 is divided by 31?
29
Calculate the remainder when 1995 is divided by 69.
63
Calculate the remainder when 635 is divided by 12.
11
Calculate the remainder when 584 is divided by 15.
14
What is the remainder when 106 is divided by 48?
10
Calculate the remainder when 4171 is divided by 520.
11
What is the remainder when 238 is divided by 75?
13
What is the remainder when 1403 is divided by 18?
17
Calculate the remainder when 43 is divided by 24.
19
What is the remainder when 4114 is divided by 71?
67
What is the remainder when 171 is divided by 46?
33
What is the remainder when 498 is divided by 62?
2
Calculate the remainder when 453 is divided by 20.
13
What is the remainder when 27 is divided by 11?
5
Calculate the remainder when 8255 is divided by 129.
128
Calculate the remainder when 2400 is divided by 37.
32
What is the remainder when 512 is divided by 90?
62
Calculate the remainder when 78 is divided by 15.
3
Calculate the remainder when 10906 is divided by 54.
52
Calculate the remainder when 551 is divided by 62.
55
What is the remainder when 12779 is divided by 20?
19
What is the remainder when 77 is divided by 77?
0
Calculate the remainder when 1611 is divided by 531.
18
Calculate the remainder when 39 is divided by 7.
4
Calculate the remainder when 2752 is divided by 102.
100
Calculate the remainder when 141 is divided by 18.
15
What is the remainder when 238 is divided by 11?
7
Calculate the remainder when 109 is divided by 31.
16
What is the remainder when 792 is divided by 259?
15
Calculate the remainder when 534 is divided by 67.
65
What is the remainder when 89 is divided by 8?
1
What is the remainder when 6785 is divided by 1129?
11
What is the remainder when 7410 is divided by 3699?
12
What is the remainder when 12202 is divided by 610?
2
Calculate the remainder when 1538 is divided by 20.
18
Calculate the remainder when 130 is divided by 47.
36
Calculate the remainder when 936 is divided by 67.
65
What is the remainder when 266 is divided by 68?
62
What is the remainder when 3695 is divided by 66?
65
Calculate the remainder when 151 is divided by 37.
3
What is the remainder when 50 is divided by 14?
8
What is the remainder when 4076 is divided by 5?
1
What is the remainder when 2028 is divided by 58?
56
What is the remainder when 67 is divided by 27?
13
Calculate the remainder when 8 is divided by 2.
0
Calculate the remainder when 31 is divided by 15.
1
Calculate the remainder when 12282 is divided by 21.
18
What is the remainder when 303 is divided by 167?
136
What is the remainder when 982 is divided by 10?
2
Calculate the remainder when 88 is divided by 50.
38
Calculate the remainder when 46 is divided by 26.
20
What is the remainder when 459 is divided by 26?
17
What is the remainder when 4356 is divided by 24?
12
Calculate the remainder when 215 is divided by 55.
50
What is the remainder when 20 is divided by 4?
0
What is the remainder when 2621 is divided by 16?
13
What is the remainder when 101 is divided by 29?
14
Calculate the remainder when 217 is divided by 93.
31
What is the remainder when 2168 is divided by 6?
2
What is the remainder when 1821 is divided by 73?
69
What is the remainder when 825 is divided by 46?
43
What is the remainder when 179 is divided by 26?
23
What is the remainder when 233 is divided by 118?
115
Calculate the remainder when 1326 is divided by 218.
18
What is the remainder when 286 is divided by 35?
6
Calculate the remainder when 3122 is divided by 222.
14
Calculate the remainder when 107 is divided by 22.
19
What is the remainder when 922 is divided by 51?
4
What is the remainder when 2140 is divided by 18?
16
Calculate the remainder when 977 is divided by 45.
32
Calculate the remainder when 314 is divided by 19.
10
What is the remainder when 359 is divided by 120?
119
Calculate the remainder when 707 is divided by 235.
2
What is the remainder when 403 is divided by 5?
3
What is the remainder when 46237 is divided by 272?
269
Calculate the remainder when 7696 is divided by 14.
10
Calculate the remainder when 184 is divided by 35.
9
Calculate the remainder when 111 is divided by 16.
15
What is the remainder when 1305 is divided by 7?
3
What is the remainder when 2267 is divided by 27?
26
Calculate the remainder when 265 is divided by 19.
18
What is the remainder when 70 is divided by 12?
10
Calculate the remainder when 681 is divided by 63.
51
Calculate the remainder when 385 is divided by 36.
25
What is the remainder when 60 is divided by 18?
6
What is the remainder when 53 is divided by 33?
20
What is the remainder when 1096 is divided by 50?
46
What is the remainder when 1577 is divided by 197?
1
Calculate the remainder when 167 is divided by 17.
14
What is the remainder when 15230 is divided by 28?
26
What is the remainder when 819 is divided by 388?
43
Calculate the remainder when 634 is divided by 13.
10
Calculate the remainder when 49 is divided by 33.
16
Calculate the remainder when 88 is divided by 56.
32
What is the remainder when 5408 is divided by 164?
160
Calculate the remainder when 353 is divided by 75.
53
Calculate the remainder when 917 is divided by 54.
53
Calculate the remainder when 738 is divided by 689.
49
What is the remainder when 47 is divided by 33?
14
What is the remainder when 67548 is divided by 14?
12
What is the remainder when 40 is divided by 28?
12
Calculate the remainder when 11621 is divided by 15.
11
What is the remainder when 313 is divided by 15?
13
What is the remainder when 4947 is divided by 92?
71
What is the remainder when 363 is divided by 3?
0
What is the remainder when 1869 is divided by 48?
45
Calculate the remainder when 630 is divided by 170.
120
Calculate the remainder when 482 is divided by 18.
14
Calculate the remainder when 274 is divided by 71.
61
What is the remainder when 640 is divided by 38?
32
Calculate the remainder when 1721 is divided by 291.
266
Calculate the remainder when 330 is divided by 100.
30
What is the remainder when 263 is divided by 27?
20
Calculate the remainder when 1901 is divided by 281.
215
What is the remainder when 188 is divided by 43?
16
What is the remainder when 14445 is divided by 336?
333
Calculate the remainder when 40 is divided by 23.
17
What is the remainder when 472 is divided by 59?
0
What is the remainder when 751 is divided by 7?
2
What is the remainder when 6803 is divided by 252?
251
Calculate the remainder when 5878 is divided by 368.
358
Calculate the remainder when 959 is divided by 426.
107
Calculate the remainder when 1452 is divided by 26.
22
Calculate the remainder when 1035 is divided by 74.
73
Calculate the remainder when 184 is di